{"id":161,"date":"2024-04-09T14:40:38","date_gmt":"2024-04-09T14:40:38","guid":{"rendered":"https:\/\/teleradio.nu\/?page_id=161"},"modified":"2024-08-08T07:51:06","modified_gmt":"2024-08-08T07:51:06","slug":"vitvaror","status":"publish","type":"page","link":"https:\/\/kungshamn.teleradio.nu\/?page_id=161","title":{"rendered":"Hush\u00e5ll"},"content":{"rendered":"\n\n\t<section class=\"section\" id=\"section_1485185576\">\n\t\t<div class=\"section-bg fill\" >\n\t\t\t<img loading=\"lazy\" decoding=\"async\" width=\"2048\" height=\"1366\" src=\"https:\/\/kungshamn.teleradio.nu\/wp-content\/uploads\/2024\/04\/K10_2023_121465_E4A2015-Edit-scaled-1-2048x1366.jpg\" class=\"bg attachment-2048x2048 size-2048x2048\" alt=\"\" \/>\t\t\t\t\t\t<div class=\"section-bg-overlay absolute fill\"><\/div>\n\t\t\t\n\n\t\t<\/div>\n\n\t\t\n\n\t\t<div class=\"section-content relative\">\n\t\t\t\n\n<div class=\"row row-full-width align-equal align-center\"  id=\"row-394811830\">\n\n\n\t<div id=\"col-1348186337\" class=\"col small-12 large-12\"  >\n\t\t\t\t<div class=\"col-inner\"  >\n\t\t\t\n\t\t\t\n\n\t<div id=\"text-1701632480\" class=\"text\">\n\t\t\n\n<h1><span style=\"font-size: 200%;\">Sm\u00e5-el &amp; Hush\u00e5ll<\/span><\/h1>\n\t\t\n<style>\n#text-1701632480 {\n  text-align: center;\n  color: rgb(255,255,255);\n}\n#text-1701632480 > * {\n  color: rgb(255,255,255);\n}\n<\/style>\n\t<\/div>\n\t\n\n\t\t<\/div>\n\t\t\t\t\t<\/div>\n\n\t\n\n\n<style>\n#row-394811830 > .col > .col-inner {\n  padding: 200px 0px 0px 0px;\n}\n<\/style>\n<\/div>\n<div class=\"row\"  id=\"row-851400086\">\n\n\n\t<div id=\"col-1652413438\" class=\"col medium-4 small-12 large-4\"  >\n\t\t\t\t<div class=\"col-inner\"  >\n\t\t\t\n\t\t\t\n\n\n\t\t<\/div>\n\t\t\t\t\t<\/div>\n\n\t\n\n\t<div id=\"col-739951384\" class=\"col medium-4 small-12 large-4\"  >\n\t\t\t\t<div class=\"col-inner text-center\"  >\n\t\t\t\n\t\t\t\n\n<a data-animate=\"fadeInUp\" href=\"https:\/\/www.elon.se\/butiker\/kungshamn\/elon-ljud-bild-teleradio-kungshamn?_gl=1*njmp5z*_up*MQ..&#038;gclid=Cj0KCQjwsuSzBhCLARIsAIcdLm6voeV4wsCretv_ZMbJuUCC6y6jdw_NcY0Dd7WIeYkrs_rMVB1dxYYaApy-EALw_wcB\" target=\"_blank\" class=\"button success expand\" rel=\"noopener\"  style=\"border-radius:99px;\">\n\t\t<span>Best\u00e4ll via v\u00e5ra butiker<\/span>\n\t<\/a>\n\n\n\n\t\t<\/div>\n\t\t\t\t\t<\/div>\n\n\t\n\n\t<div id=\"col-316534643\" class=\"col medium-4 small-12 large-4\"  >\n\t\t\t\t<div class=\"col-inner\"  >\n\t\t\t\n\t\t\t\n\n\n\t\t<\/div>\n\t\t\t\t\t<\/div>\n\n\t\n\n<\/div>\n\n\t\t<\/div>\n\n\t\t\n<style>\n#section_1485185576 {\n  padding-top: 30px;\n  padding-bottom: 30px;\n  min-height: 0px;\n}\n#section_1485185576 .section-bg-overlay {\n  background-color: rgba(0,0,0,.5);\n}\n#section_1485185576 .section-bg img {\n  object-position: 50% 54%;\n}\n@media (min-width:550px) {\n  #section_1485185576 {\n    min-height: 500px;\n  }\n  #section_1485185576 .section-bg-overlay {\n    background-color: rgba(0,0,0,.5);\n  }\n}\n@media (min-width:850px) {\n  #section_1485185576 .section-bg-overlay {\n    background-color: rgba(0,0,0,.5);\n  }\n}\n<\/style>\n\t<\/section>\n\t\n\n\t<section class=\"section\" id=\"section_917158881\">\n\t\t<div class=\"section-bg fill\" >\n\t\t\t\t\t\t\t\t\t\n\t\t\t\n\n\t\t<\/div>\n\n\t\t\n\n\t\t<div class=\"section-content relative\">\n\t\t\t\n\n<div class=\"row row-collapse row-full-width align-equal align-center\"  id=\"row-1923162768\">\n\n\n\t<div id=\"col-1478232375\" class=\"col small-12 large-12\"  >\n\t\t\t\t<div class=\"col-inner text-center\"  >\n\t\t\t\n\t\t\t\n\n\t<div id=\"text-3618003935\" class=\"text\">\n\t\t\n\n<p>Bokning sker via v\u00e5ra butiker eller via telefon<\/p>\n\t\t\n<style>\n#text-3618003935 {\n  color: rgb(255,255,255);\n}\n#text-3618003935 > * {\n  color: rgb(255,255,255);\n}\n<\/style>\n\t<\/div>\n\t\n\n\t\t<\/div>\n\t\t\t\t\n<style>\n#col-1478232375 > .col-inner {\n  padding: 20px 5px 5px 5px;\n}\n<\/style>\n\t<\/div>\n\n\t\n\n\n<style>\n#row-1923162768 > .col > .col-inner {\n  background-color: rgb(0, 169, 132);\n}\n<\/style>\n<\/div>\n\t<div id=\"gap-1126479616\" class=\"gap-element clearfix\" style=\"display:block; height:auto;\">\n\t\t\n<style>\n#gap-1126479616 {\n  padding-top: 30px;\n}\n<\/style>\n\t<\/div>\n\t\n\n<div class=\"row row-collapse row-full-width align-middle align-center\"  id=\"row-1907743227\">\n\n\n\t<div id=\"col-363332693\" class=\"col medium-2 small-12 large-2\"  >\n\t\t\t\t<div class=\"col-inner\"  >\n\t\t\t\n\t\t\t\n\n\n\t\t<\/div>\n\t\t\t\t\t<\/div>\n\n\t\n\n\t<div id=\"col-430481943\" class=\"col medium-5 small-12 large-5\"  >\n\t\t\t\t<div class=\"col-inner\"  >\n\t\t\t\n\t\t\t\n\n\t<div id=\"text-1804015055\" class=\"text\">\n\t\t\n\n<h2>R\u00e4tt produkter till ditt hem<\/h2>\n<p>Vi erbjuder ett brett sortiment av sm\u00e5el och hush\u00e5llsprodukter f\u00f6r att f\u00f6renkla din vardag. H\u00e4r hittar du allt fr\u00e5n kaffebryggare, br\u00f6drostar och mixers till dammsugare och strykj\u00e4rn fr\u00e5n v\u00e4lk\u00e4nda m\u00e4rken. Bes\u00f6k oss f\u00f6r kvalitetsprodukter som underl\u00e4ttar dina dagliga sysslor, med hj\u00e4lp av v\u00e5r kunniga personal som g\u00e4rna hj\u00e4lper dig att hitta r\u00e4tt produkt f\u00f6r dina behov. V\u00e4lkommen in f\u00f6r att uppt\u00e4cka v\u00e5ra fantastiska erbjudanden!<\/p>\n\t\t\n<style>\n#text-1804015055 {\n  color: rgb(0,0,0);\n}\n#text-1804015055 > * {\n  color: rgb(0,0,0);\n}\n<\/style>\n\t<\/div>\n\t\n\n\t\t<\/div>\n\t\t\t\t\n<style>\n#col-430481943 > .col-inner {\n  padding: 25px 25px 25px 25px;\n}\n<\/style>\n\t<\/div>\n\n\t\n\n\t<div id=\"col-427514598\" class=\"col medium-5 small-12 large-5\"  >\n\t\t\t\t<div class=\"col-inner text-center\"  >\n\t\t\t\n\t\t\t\n\n\t<div class=\"img has-hover x md-x lg-x y md-y lg-y\" id=\"image_1504449376\">\n\t\t\t\t\t\t\t\t<div class=\"img-inner dark\" >\n\t\t\t<img loading=\"lazy\" decoding=\"async\" width=\"800\" height=\"533\" src=\"https:\/\/kungshamn.teleradio.nu\/wp-content\/uploads\/2024\/04\/K9_2023_122060_122059_E4A9107.png\" class=\"attachment-large size-large\" alt=\"\" srcset=\"https:\/\/kungshamn.teleradio.nu\/wp-content\/uploads\/2024\/04\/K9_2023_122060_122059_E4A9107.png 800w, https:\/\/kungshamn.teleradio.nu\/wp-content\/uploads\/2024\/04\/K9_2023_122060_122059_E4A9107-300x200.png 300w, https:\/\/kungshamn.teleradio.nu\/wp-content\/uploads\/2024\/04\/K9_2023_122060_122059_E4A9107-768x512.png 768w\" sizes=\"auto, (max-width: 800px) 100vw, 800px\" \/>\t\t\t\t\t\t\n\t\t\t\t\t<\/div>\n\t\t\t\t\t\t\t\t\n<style>\n#image_1504449376 {\n  width: 80%;\n}\n<\/style>\n\t<\/div>\n\t\n\n\n\t\t<\/div>\n\t\t\t\t\n<style>\n#col-427514598 > .col-inner {\n  padding: 25px 25px 25px 25px;\n}\n<\/style>\n\t<\/div>\n\n\t\n\n<\/div>\n<div class=\"row row-full-width align-equal align-center\"  id=\"row-1905275178\">\n\n\n\t<div id=\"col-515032905\" class=\"col medium-6 small-12 large-3\"  >\n\t\t\t\t<div class=\"col-inner\"  >\n\t\t\t\n\t\t\t\n\n\t<div class=\"img has-hover x md-x lg-x y md-y lg-y\" id=\"image_1344301693\">\n\t\t\t\t\t\t\t\t<div class=\"img-inner image-cover dark\" style=\"padding-top:100%;\">\n\t\t\t<img loading=\"lazy\" decoding=\"async\" width=\"578\" height=\"578\" src=\"https:\/\/kungshamn.teleradio.nu\/wp-content\/uploads\/2024\/06\/109367_2_e5ede4c875d5d4e279629933e98e119e.webp\" class=\"attachment-large size-large\" alt=\"\" srcset=\"https:\/\/kungshamn.teleradio.nu\/wp-content\/uploads\/2024\/06\/109367_2_e5ede4c875d5d4e279629933e98e119e.webp 578w, https:\/\/kungshamn.teleradio.nu\/wp-content\/uploads\/2024\/06\/109367_2_e5ede4c875d5d4e279629933e98e119e-300x300.webp 300w, https:\/\/kungshamn.teleradio.nu\/wp-content\/uploads\/2024\/06\/109367_2_e5ede4c875d5d4e279629933e98e119e-150x150.webp 150w\" sizes=\"auto, (max-width: 578px) 100vw, 578px\" \/>\t\t\t\t\t\t\n\t\t\t\t\t<\/div>\n\t\t\t\t\t\t\t\t\n<style>\n#image_1344301693 {\n  width: 100%;\n}\n<\/style>\n\t<\/div>\n\t\n\n<h3><span style=\"color: #000000;\">K\u00f6ket<\/span><\/h3>\n\t<div id=\"text-3930750941\" class=\"text\">\n\t\t\n\n<p>Oavsett om du beh\u00f6ver en br\u00f6drost f\u00f6r perfekta frukostmackor, en sm\u00f6rg\u00e5sgrill f\u00f6r snabb och smidig lunch, en kraftfull blender f\u00f6r smoothies och soppor, en elvisp f\u00f6r bakning eller en airfryer s\u00e5 har vi produkterna som passar dina behov. Detta och mycket mer!<\/p>\n\t\t\n<style>\n#text-3930750941 {\n  color: rgb(0,0,0);\n}\n#text-3930750941 > * {\n  color: rgb(0,0,0);\n}\n<\/style>\n\t<\/div>\n\t\n<a href=\"https:\/\/www.elon.se\/butiker\/kungshamn\/elon-ljud-bild-teleradio-kungshamn?category_tag=28613,30667,31892,30669,30746,30787,30788\" target=\"_blank\" class=\"button success\" rel=\"noopener\"  style=\"border-radius:99px;\">\n\t\t<span>Kolla in v\u00e5rt sortiment<\/span>\n\t<\/a>\n\n\n\n\t\t<\/div>\n\t\t\t\t\t<\/div>\n\n\t\n\n\t<div id=\"col-631104974\" class=\"col medium-6 small-12 large-3\"  >\n\t\t\t\t<div class=\"col-inner\"  >\n\t\t\t\n\t\t\t\n\n\t<div class=\"img has-hover x md-x lg-x y md-y lg-y\" id=\"image_1684314588\">\n\t\t\t\t\t\t\t\t<div class=\"img-inner image-cover dark\" style=\"padding-top:100%;\">\n\t\t\t<img loading=\"lazy\" decoding=\"async\" width=\"578\" height=\"578\" src=\"https:\/\/kungshamn.teleradio.nu\/wp-content\/uploads\/2024\/06\/114791_1_6c977d3a9c33558c0c9deb5c15a9aa5e.webp\" class=\"attachment-large size-large\" alt=\"\" srcset=\"https:\/\/kungshamn.teleradio.nu\/wp-content\/uploads\/2024\/06\/114791_1_6c977d3a9c33558c0c9deb5c15a9aa5e.webp 578w, https:\/\/kungshamn.teleradio.nu\/wp-content\/uploads\/2024\/06\/114791_1_6c977d3a9c33558c0c9deb5c15a9aa5e-300x300.webp 300w, https:\/\/kungshamn.teleradio.nu\/wp-content\/uploads\/2024\/06\/114791_1_6c977d3a9c33558c0c9deb5c15a9aa5e-150x150.webp 150w\" sizes=\"auto, (max-width: 578px) 100vw, 578px\" \/>\t\t\t\t\t\t\n\t\t\t\t\t<\/div>\n\t\t\t\t\t\t\t\t\n<style>\n#image_1684314588 {\n  width: 100%;\n}\n<\/style>\n\t<\/div>\n\t\n\n<h3><span style=\"color: #000000;\">H\u00e5rv\u00e5rd<\/span><\/h3>\n\t<div id=\"text-3503853481\" class=\"text\">\n\t\t\n\n<p>Allt fr\u00e5n h\u00e5rtorkar och platt\u00e4nger till lockt\u00e4nger och h\u00e5rklippningsmaskiner. V\u00e5ra h\u00e5rv\u00e5rdsprodukter \u00e4r utformade f\u00f6r att ge professionella resultat hemma, Oavsett om du vill skapa en sl\u00e4t och elegant look, locka h\u00e5ret f\u00f6r en festlig kv\u00e4ll, eller bara trimma h\u00e5ret.<\/p>\n\t\t\n<style>\n#text-3503853481 {\n  color: rgb(0,0,0);\n}\n#text-3503853481 > * {\n  color: rgb(0,0,0);\n}\n<\/style>\n\t<\/div>\n\t\n<a href=\"https:\/\/www.elon.se\/butiker\/kungshamn\/elon-ljud-bild-teleradio-kungshamn?category_tag=30637,30676,30711\" target=\"_blank\" class=\"button success\" rel=\"noopener\"  style=\"border-radius:99px;\">\n\t\t<span>Kolla in v\u00e5rt sortiment<\/span>\n\t<\/a>\n\n\n\n\t\t<\/div>\n\t\t\t\t\t<\/div>\n\n\t\n\n\t<div id=\"col-1183277064\" class=\"col medium-6 small-12 large-3\"  >\n\t\t\t\t<div class=\"col-inner\"  >\n\t\t\t\n\t\t\t\n\n\t<div class=\"img has-hover x md-x lg-x y md-y lg-y\" id=\"image_754242990\">\n\t\t\t\t\t\t\t\t<div class=\"img-inner image-cover dark\" style=\"padding-top:100%;\">\n\t\t\t<img loading=\"lazy\" decoding=\"async\" width=\"1020\" height=\"1020\" src=\"https:\/\/kungshamn.teleradio.nu\/wp-content\/uploads\/2024\/06\/114808_1_8b38057e8a22de30a715851bcedd58d4-1024x1024.webp\" class=\"attachment-large size-large\" alt=\"\" srcset=\"https:\/\/kungshamn.teleradio.nu\/wp-content\/uploads\/2024\/06\/114808_1_8b38057e8a22de30a715851bcedd58d4-1024x1024.webp 1024w, https:\/\/kungshamn.teleradio.nu\/wp-content\/uploads\/2024\/06\/114808_1_8b38057e8a22de30a715851bcedd58d4-300x300.webp 300w, https:\/\/kungshamn.teleradio.nu\/wp-content\/uploads\/2024\/06\/114808_1_8b38057e8a22de30a715851bcedd58d4-150x150.webp 150w, https:\/\/kungshamn.teleradio.nu\/wp-content\/uploads\/2024\/06\/114808_1_8b38057e8a22de30a715851bcedd58d4-768x768.webp 768w, https:\/\/kungshamn.teleradio.nu\/wp-content\/uploads\/2024\/06\/114808_1_8b38057e8a22de30a715851bcedd58d4.webp 1500w\" sizes=\"auto, (max-width: 1020px) 100vw, 1020px\" \/>\t\t\t\t\t\t\n\t\t\t\t\t<\/div>\n\t\t\t\t\t\t\t\t\n<style>\n#image_754242990 {\n  width: 100%;\n}\n<\/style>\n\t<\/div>\n\t\n\n<h3><span style=\"color: #000000;\">Hush\u00e5ll<\/span><\/h3>\n\t<div id=\"text-3998599962\" class=\"text\">\n\t\t\n\n<p>allt fr\u00e5n dammsugare och strykj\u00e4rn till luftfuktare och fl\u00e4ktar fr\u00e5n ledande m\u00e4rken. V\u00e5ra produkter \u00e4r utvalda f\u00f6r sin kvalitet och p\u00e5litlighet, s\u00e5 att du kan lita p\u00e5 att de h\u00e5ller l\u00e4nge och fungerar effektivt. Bes\u00f6k oss f\u00f6r att utforska v\u00e5rt sortiment!<\/p>\n\t\t\n<style>\n#text-3998599962 {\n  color: rgb(0,0,0);\n}\n#text-3998599962 > * {\n  color: rgb(0,0,0);\n}\n<\/style>\n\t<\/div>\n\t\n<a href=\"https:\/\/www.elon.se\/butiker\/kungshamn\/elon-ljud-bild-teleradio-kungshamn?category_tag=30608,31892\" target=\"_blank\" class=\"button success\" rel=\"noopener\"  style=\"border-radius:99px;\">\n\t\t<span>Kolla in v\u00e5rt sortiment<\/span>\n\t<\/a>\n\n\n\n\t\t<\/div>\n\t\t\t\t\t<\/div>\n\n\t\n\n\t<div id=\"col-1536415290\" class=\"col medium-6 small-12 large-3\"  >\n\t\t\t\t<div class=\"col-inner\"  >\n\t\t\t\n\t\t\t\n\n\t<div class=\"img has-hover x md-x lg-x y md-y lg-y\" id=\"image_535394790\">\n\t\t\t\t\t\t\t\t<div class=\"img-inner image-cover dark\" style=\"padding-top:100%;\">\n\t\t\t<img loading=\"lazy\" decoding=\"async\" width=\"578\" height=\"578\" src=\"https:\/\/kungshamn.teleradio.nu\/wp-content\/uploads\/2024\/06\/113010_1_d3279c03281e1e8ee2f22d6958953c72.webp\" class=\"attachment-large size-large\" alt=\"\" srcset=\"https:\/\/kungshamn.teleradio.nu\/wp-content\/uploads\/2024\/06\/113010_1_d3279c03281e1e8ee2f22d6958953c72.webp 578w, https:\/\/kungshamn.teleradio.nu\/wp-content\/uploads\/2024\/06\/113010_1_d3279c03281e1e8ee2f22d6958953c72-300x300.webp 300w, https:\/\/kungshamn.teleradio.nu\/wp-content\/uploads\/2024\/06\/113010_1_d3279c03281e1e8ee2f22d6958953c72-150x150.webp 150w\" sizes=\"auto, (max-width: 578px) 100vw, 578px\" \/>\t\t\t\t\t\t\n\t\t\t\t\t<\/div>\n\t\t\t\t\t\t\t\t\n<style>\n#image_535394790 {\n  width: 100%;\n}\n<\/style>\n\t<\/div>\n\t\n\n<h3><span style=\"color: #000000;\">Husger\u00e5d<\/span><\/h3>\n\t<div id=\"text-2721759574\" class=\"text\">\n\t\t\n\n<p>Vi erbjuder allt fr\u00e5n kastruller och stekpannor till knivar och k\u00f6ksredskap, allt fr\u00e5n v\u00e4lk\u00e4nda m\u00e4rken. V\u00e5ra produkter \u00e4r designade f\u00f6r att underl\u00e4tta matlagning och bakning, med h\u00f6g kvalitet och funktionalitet. V\u00e4lkommen in f\u00f6r att utforska v\u00e5rt sortiment!<\/p>\n\t\t\n<style>\n#text-2721759574 {\n  color: rgb(0,0,0);\n}\n#text-2721759574 > * {\n  color: rgb(0,0,0);\n}\n<\/style>\n\t<\/div>\n\t\n<a href=\"https:\/\/www.elon.se\/butiker\/kungshamn\/elon-ljud-bild-teleradio-kungshamn?category_tag=30787,30788\" target=\"_blank\" class=\"button success\" rel=\"noopener\"  style=\"border-radius:99px;\">\n\t\t<span>Kolla in v\u00e5rt sortiment<\/span>\n\t<\/a>\n\n\n\n\t\t<\/div>\n\t\t\t\t\t<\/div>\n\n\t\n\n\n<style>\n#row-1905275178 > .col > .col-inner {\n  padding: 25px 25px 25px 25px;\n  background-color: rgb(255, 255, 255);\n}\n<\/style>\n<\/div>\n\n\t\t<\/div>\n\n\t\t\n<style>\n#section_917158881 {\n  padding-top: 30px;\n  padding-bottom: 30px;\n  background-color: rgb(242, 242, 242);\n}\n<\/style>\n\t<\/section>\n\t\n\n\t<section class=\"section\" id=\"section_1630174834\">\n\t\t<div class=\"section-bg fill\" >\n\t\t\t\t\t\t\t\t\t\n\t\t\t\n\n\t\t<\/div>\n\n\t\t\n\n\t\t<div class=\"section-content relative\">\n\t\t\t\n\n<div class=\"row row-collapse row-full-width align-equal align-center\"  id=\"row-1657349801\">\n\n\n\t<div id=\"col-538078211\" class=\"col medium-3 small-6 large-3\"  >\n\t\t\t\t<div class=\"col-inner text-right\"  >\n\t\t\t\n\t\t\t\n\n<div class=\"ux-logo has-hover align-middle ux_logo inline-block\" style=\"max-width: 100%!important; width: 206.14678899083px!important\"><div class=\"ux-logo-link block image-\" title=\"\" href=\"\" style=\"padding: 15px;\"><img decoding=\"async\" src=\"https:\/\/kungshamn.teleradio.nu\/wp-content\/uploads\/2024\/06\/khamn-logotyp-vit.png\" title=\"\" alt=\"\" class=\"ux-logo-image block\" style=\"height:50px;\" \/><\/div><\/div>\n\n\n\t\t<\/div>\n\t\t\t\t\n<style>\n#col-538078211 > .col-inner {\n  padding: 15px 15px 15px 15px;\n}\n<\/style>\n\t<\/div>\n\n\t\n\n\t<div id=\"col-255026804\" class=\"col medium-3 small-6 large-3\"  >\n\t\t\t\t<div class=\"col-inner text-left\"  >\n\t\t\t\n\t\t\t\n\n<div class=\"social-icons follow-icons\" style=\"font-size:140%\"><a href=\"https:\/\/www.facebook.com\/Munkedals.Teleradio\/?locale=sv_SE\" target=\"_blank\" data-label=\"Facebook\" class=\"icon plain facebook tooltip\" title=\"Follow on Facebook\" aria-label=\"Follow on Facebook\" rel=\"noopener nofollow\" ><i class=\"icon-facebook\" ><\/i><\/a><a href=\"https:\/\/www.instagram.com\/teleradioeuronics\/\" target=\"_blank\" data-label=\"Instagram\" class=\"icon plain instagram tooltip\" title=\"Follow on Instagram\" aria-label=\"Follow on Instagram\" rel=\"noopener nofollow\" ><i class=\"icon-instagram\" ><\/i><\/a><\/div>\n\n\n\t\t<\/div>\n\t\t\t\t\n<style>\n#col-255026804 > .col-inner {\n  padding: 35px 15px 15px 15px;\n}\n<\/style>\n\t<\/div>\n\n\t\n\n\t<div id=\"col-1041520984\" class=\"col medium-3 small-6 large-3\"  >\n\t\t\t\t<div class=\"col-inner text-right\"  >\n\t\t\t\n\t\t\t\n\n\n\t\t<\/div>\n\t\t\t\t\n<style>\n#col-1041520984 > .col-inner {\n  padding: 30px 15px 15px 15px;\n}\n<\/style>\n\t<\/div>\n\n\t\n\n\t<div id=\"col-1175539898\" class=\"col medium-3 small-6 large-3\"  >\n\t\t\t\t<div class=\"col-inner\"  >\n\t\t\t\n\t\t\t\n\n\t<div id=\"text-823524316\" class=\"text\">\n\t\t\n\n<h2><span style=\"font-size: 130%;\">Kungshamn<\/span><\/h2>\n\t\t\n<style>\n#text-823524316 {\n  color: rgb(255,255,255);\n}\n#text-823524316 > * {\n  color: rgb(255,255,255);\n}\n<\/style>\n\t<\/div>\n\t\n\n\t\t<\/div>\n\t\t\t\t\n<style>\n#col-1175539898 > .col-inner {\n  padding: 30px 15px 15px 15px;\n}\n<\/style>\n\t<\/div>\n\n\t\n\n<\/div>\n\n\t\t<\/div>\n\n\t\t\n<style>\n#section_1630174834 {\n  padding-top: 0px;\n  padding-bottom: 0px;\n  background-color: rgb(68, 68, 68);\n}\n<\/style>\n\t<\/section>\n\t\n\n","protected":false},"excerpt":{"rendered":"","protected":false},"author":1,"featured_media":0,"parent":0,"menu_order":0,"comment_status":"closed","ping_status":"closed","template":"page-blank.php","meta":{"footnotes":""},"class_list":["post-161","page","type-page","status-publish","hentry"],"_links":{"self":[{"href":"https:\/\/kungshamn.teleradio.nu\/index.php?rest_route=\/wp\/v2\/pages\/161","targetHints":{"allow":["GET"]}}],"collection":[{"href":"https:\/\/kungshamn.teleradio.nu\/index.php?rest_route=\/wp\/v2\/pages"}],"about":[{"href":"https:\/\/kungshamn.teleradio.nu\/index.php?rest_route=\/wp\/v2\/types\/page"}],"author":[{"embeddable":true,"href":"https:\/\/kungshamn.teleradio.nu\/index.php?rest_route=\/wp\/v2\/users\/1"}],"replies":[{"embeddable":true,"href":"https:\/\/kungshamn.teleradio.nu\/index.php?rest_route=%2Fwp%2Fv2%2Fcomments&post=161"}],"version-history":[{"count":5,"href":"https:\/\/kungshamn.teleradio.nu\/index.php?rest_route=\/wp\/v2\/pages\/161\/revisions"}],"predecessor-version":[{"id":618,"href":"https:\/\/kungshamn.teleradio.nu\/index.php?rest_route=\/wp\/v2\/pages\/161\/revisions\/618"}],"wp:attachment":[{"href":"https:\/\/kungshamn.teleradio.nu\/index.php?rest_route=%2Fwp%2Fv2%2Fmedia&parent=161"}],"curies":[{"name":"wp","href":"https:\/\/api.w.org\/{rel}","templated":true}]}}